{"id":113,"date":"2025-12-31T13:03:15","date_gmt":"2025-12-31T13:03:15","guid":{"rendered":"http:\/\/ewsthbn.cluster100.hosting.ovh.net\/?page_id=113"},"modified":"2026-01-04T14:51:40","modified_gmt":"2026-01-04T14:51:40","slug":"les-chambres-dhotes","status":"publish","type":"page","link":"https:\/\/www.laleude.fr\/index.php\/les-chambres-dhotes\/","title":{"rendered":"Les chambres d&rsquo;h\u00f4tes"},"content":{"rendered":"\n<div class=\"wp-block-uagb-container uagb-block-3d2bd7cb alignfull uagb-is-root-container\"><div class=\"uagb-container-inner-blocks-wrap\">\n<div class=\"wp-block-uagb-container uagb-block-734e1e47\">\n<div class=\"wp-block-uagb-advanced-heading uagb-block-31db70b0\"><h1 class=\"uagb-heading-text\">Les chambres d&rsquo;h\u00f4tes de La Leude \u00e0 Capendu<\/h1><\/div>\n\n\n\n<div class=\"wp-block-uagb-advanced-heading uagb-block-311a6817\"><h2 class=\"uagb-heading-text\">Entre Carcassonne et Narbonne, profitez de chambres d\u2019h\u00f4tes chaleureuses et confortables, id\u00e9ales pour une escapade en douceur au c\u0153ur du Pays Cathare.<\/h2><\/div>\n\n\n\n<div class=\"wp-block-buttons is-layout-flex wp-block-buttons-is-layout-flex\">\n<div class=\"wp-block-button\"><a class=\"wp-block-button__link has-text-color has-background has-link-color wp-element-button\" href=\"https:\/\/www.laleude.fr\/index.php\/contact\/\" style=\"color:#1f1f1f;background-color:#e8b04a\">Demander une disponibilit\u00e9<\/a><\/div>\n<\/div>\n<\/div>\n<\/div><\/div>\n\n\n\n<div class=\"wp-block-uagb-container uagb-block-a9b66b37 alignfull uagb-is-root-container\"><div class=\"uagb-container-inner-blocks-wrap\">\n<div class=\"wp-block-uagb-container uagb-block-6d590ba9\">\n<div class=\"wp-block-uagb-advanced-heading uagb-block-b7e4c8d2\"><h2 class=\"uagb-heading-text\">Des chambres d\u2019h\u00f4tes chaleureuses et reposantes<\/h2><\/div>\n\n\n\n<p>Les chambres d\u2019h\u00f4tes de La Leude vous accueillent dans une atmosph\u00e8re conviviale et apaisante, id\u00e9ale pour une escapade en couple, une halte sur la route des vacances ou un s\u00e9jour tout en douceur dans l\u2019Aude.<\/p>\n\n\n\n<p>Chaque chambre a \u00e9t\u00e9 pens\u00e9e pour conjuguer confort, intimit\u00e9 et s\u00e9r\u00e9nit\u00e9, dans un cadre naturel propice au repos. L\u2019accueil personnalis\u00e9 et la disponibilit\u00e9 de Th\u00e9r\u00e8se font de chaque s\u00e9jour un moment simple, humain et authentique.<\/p>\n\n\n\n<p>Le matin, un petit-d\u00e9jeuner gourmand vous permet de d\u00e9marrer la journ\u00e9e en douceur avant de partir \u00e0 la d\u00e9couverte du Pays cathare, de Carcassonne, de Narbonne ou des vignobles environnants.<\/p>\n<\/div>\n\n\n\n<div class=\"wp-block-uagb-container uagb-block-d4c70f2c\"><\/div>\n<\/div><\/div>\n\n\n\n<div class=\"wp-block-uagb-container uagb-block-0631fd32 alignfull uagb-is-root-container\"><div class=\"uagb-container-inner-blocks-wrap\">\n<div class=\"wp-block-uagb-container uagb-block-d966e627\">\n<div class=\"wp-block-uagb-advanced-heading uagb-block-4dba7870\"><h2 class=\"uagb-heading-text\">Les chambres d\u2019h\u00f4tes en d\u00e9tail<\/h2><\/div>\n\n\n\n<p>Les chambres d\u2019h\u00f4tes de La Leude sont pens\u00e9es pour accueillir confortablement couples, amis ou petites familles, dans un cadre calme et convivial au c\u0153ur du Pays Cathare.<\/p>\n\n\n\n<ul class=\"wp-block-list\">\n<li>2 suites spacieuses de 30 et 33 m\u00b2<\/li>\n\n\n\n<li>Capacit\u00e9 : 2 personnes par chambre (4 personnes au total)<\/li>\n\n\n\n<li>Chambres lumineuses, confortables et d\u00e9cor\u00e9es avec soin<\/li>\n\n\n\n<li>Salle d\u2019eau privative pour chaque chambre<\/li>\n\n\n\n<li>Linge de lit et serviettes inclus<\/li>\n\n\n\n<li>Petit-d\u00e9jeuner inclus<\/li>\n\n\n\n<li>Acc\u00e8s aux espaces ext\u00e9rieurs et au jardin<\/li>\n\n\n\n<li>Environnement calme, au c\u0153ur du village<\/li>\n<\/ul>\n<\/div>\n\n\n\n<div class=\"wp-block-uagb-container uagb-block-c66e6ef9\">\n<ul class=\"wp-block-list\">\n<li>WiFi gratuit<\/li>\n\n\n\n<li>Parking commun, ferm\u00e9 et s\u00e9curis\u00e9<\/li>\n\n\n\n<li>Salon commun avec t\u00e9l\u00e9vision<\/li>\n\n\n\n<li>Espaces de d\u00e9tente partag\u00e9s<\/li>\n\n\n\n<li>Table de ping-pong, baby-foot, piano<\/li>\n\n\n\n<li>Jardin et terrasse<\/li>\n\n\n\n<li>Borne de recharge pour v\u00e9hicule \u00e9lectrique<\/li>\n\n\n\n<li>Commerces accessibles \u00e0 pied dans le village<\/li>\n\n\n\n<li>Moyens de paiement accept\u00e9s : esp\u00e8ces, ch\u00e8ques, virements, Visa, Mastercard<\/li>\n\n\n\n<li>Animaux de compagnie non admis<\/li>\n<\/ul>\n<\/div>\n<\/div><\/div>\n\n\n\n<div class=\"wp-block-uagb-container uagb-block-918f7e75 alignfull uagb-is-root-container\"><div class=\"uagb-container-inner-blocks-wrap\">\n<div class=\"wp-block-uagb-advanced-heading uagb-block-cd57e277\"><h2 class=\"uagb-heading-text\">Les chambres d\u2019h\u00f4tes en images<\/h2><\/div>\n\n\n\n<figure class=\"wp-block-gallery has-nested-images columns-default is-cropped wp-block-gallery-1 is-layout-flex wp-block-gallery-is-layout-flex\">\n<figure class=\"wp-block-image size-large\"><img loading=\"lazy\" decoding=\"async\" width=\"1024\" height=\"446\" data-id=\"121\" src=\"https:\/\/www.laleude.fr\/wp-content\/uploads\/2025\/12\/corbieres_79384_1399_87-1024x446.jpg\" alt=\"\" class=\"wp-image-121\" srcset=\"https:\/\/www.laleude.fr\/wp-content\/uploads\/2025\/12\/corbieres_79384_1399_87-1024x446.jpg 1024w, https:\/\/www.laleude.fr\/wp-content\/uploads\/2025\/12\/corbieres_79384_1399_87-300x131.jpg 300w, https:\/\/www.laleude.fr\/wp-content\/uploads\/2025\/12\/corbieres_79384_1399_87-768x335.jpg 768w, https:\/\/www.laleude.fr\/wp-content\/uploads\/2025\/12\/corbieres_79384_1399_87-1536x670.jpg 1536w, https:\/\/www.laleude.fr\/wp-content\/uploads\/2025\/12\/corbieres_79384_1399_87.jpg 1920w\" sizes=\"auto, (max-width: 1024px) 100vw, 1024px\" \/><\/figure>\n\n\n\n<figure class=\"wp-block-image size-large\"><img loading=\"lazy\" decoding=\"async\" width=\"1024\" height=\"461\" data-id=\"134\" src=\"https:\/\/www.laleude.fr\/wp-content\/uploads\/2025\/12\/minervoise_79384_780_1241-1024x461.jpg\" alt=\"\" class=\"wp-image-134\" srcset=\"https:\/\/www.laleude.fr\/wp-content\/uploads\/2025\/12\/minervoise_79384_780_1241-1024x461.jpg 1024w, https:\/\/www.laleude.fr\/wp-content\/uploads\/2025\/12\/minervoise_79384_780_1241-300x135.jpg 300w, https:\/\/www.laleude.fr\/wp-content\/uploads\/2025\/12\/minervoise_79384_780_1241-768x346.jpg 768w, https:\/\/www.laleude.fr\/wp-content\/uploads\/2025\/12\/minervoise_79384_780_1241-1536x691.jpg 1536w, https:\/\/www.laleude.fr\/wp-content\/uploads\/2025\/12\/minervoise_79384_780_1241.jpg 1920w\" sizes=\"auto, (max-width: 1024px) 100vw, 1024px\" \/><\/figure>\n\n\n\n<figure class=\"wp-block-image size-large\"><img loading=\"lazy\" decoding=\"async\" width=\"1024\" height=\"417\" data-id=\"137\" src=\"https:\/\/www.laleude.fr\/wp-content\/uploads\/2025\/12\/corbieres_79384_140_1738-1024x417.jpg\" alt=\"\" class=\"wp-image-137\" srcset=\"https:\/\/www.laleude.fr\/wp-content\/uploads\/2025\/12\/corbieres_79384_140_1738-1024x417.jpg 1024w, https:\/\/www.laleude.fr\/wp-content\/uploads\/2025\/12\/corbieres_79384_140_1738-300x122.jpg 300w, https:\/\/www.laleude.fr\/wp-content\/uploads\/2025\/12\/corbieres_79384_140_1738-768x313.jpg 768w, https:\/\/www.laleude.fr\/wp-content\/uploads\/2025\/12\/corbieres_79384_140_1738-1536x626.jpg 1536w, https:\/\/www.laleude.fr\/wp-content\/uploads\/2025\/12\/corbieres_79384_140_1738.jpg 1920w\" sizes=\"auto, (max-width: 1024px) 100vw, 1024px\" \/><\/figure>\n\n\n\n<figure class=\"wp-block-image size-large\"><img loading=\"lazy\" decoding=\"async\" width=\"1024\" height=\"461\" data-id=\"123\" src=\"https:\/\/www.laleude.fr\/wp-content\/uploads\/2025\/12\/chambres_79384_756_1403-1024x461.jpg\" alt=\"\" class=\"wp-image-123\" srcset=\"https:\/\/www.laleude.fr\/wp-content\/uploads\/2025\/12\/chambres_79384_756_1403-1024x461.jpg 1024w, https:\/\/www.laleude.fr\/wp-content\/uploads\/2025\/12\/chambres_79384_756_1403-300x135.jpg 300w, https:\/\/www.laleude.fr\/wp-content\/uploads\/2025\/12\/chambres_79384_756_1403-768x346.jpg 768w, https:\/\/www.laleude.fr\/wp-content\/uploads\/2025\/12\/chambres_79384_756_1403-1536x691.jpg 1536w, https:\/\/www.laleude.fr\/wp-content\/uploads\/2025\/12\/chambres_79384_756_1403.jpg 1920w\" sizes=\"auto, (max-width: 1024px) 100vw, 1024px\" \/><\/figure>\n\n\n\n<figure class=\"wp-block-image size-large\"><img loading=\"lazy\" decoding=\"async\" width=\"1024\" height=\"461\" data-id=\"122\" src=\"https:\/\/www.laleude.fr\/wp-content\/uploads\/2025\/12\/chambres_79384_1377_42-1024x461.jpg\" alt=\"\" class=\"wp-image-122\" srcset=\"https:\/\/www.laleude.fr\/wp-content\/uploads\/2025\/12\/chambres_79384_1377_42-1024x461.jpg 1024w, https:\/\/www.laleude.fr\/wp-content\/uploads\/2025\/12\/chambres_79384_1377_42-300x135.jpg 300w, https:\/\/www.laleude.fr\/wp-content\/uploads\/2025\/12\/chambres_79384_1377_42-768x346.jpg 768w, https:\/\/www.laleude.fr\/wp-content\/uploads\/2025\/12\/chambres_79384_1377_42-1536x691.jpg 1536w, https:\/\/www.laleude.fr\/wp-content\/uploads\/2025\/12\/chambres_79384_1377_42.jpg 1920w\" sizes=\"auto, (max-width: 1024px) 100vw, 1024px\" \/><\/figure>\n\n\n\n<figure class=\"wp-block-image size-large\"><img loading=\"lazy\" decoding=\"async\" width=\"461\" height=\"1024\" data-id=\"124\" src=\"https:\/\/www.laleude.fr\/wp-content\/uploads\/2025\/12\/chambres_79384_1149_1156-461x1024.jpg\" alt=\"\" class=\"wp-image-124\" srcset=\"https:\/\/www.laleude.fr\/wp-content\/uploads\/2025\/12\/chambres_79384_1149_1156-461x1024.jpg 461w, https:\/\/www.laleude.fr\/wp-content\/uploads\/2025\/12\/chambres_79384_1149_1156-135x300.jpg 135w, https:\/\/www.laleude.fr\/wp-content\/uploads\/2025\/12\/chambres_79384_1149_1156.jpg 486w\" sizes=\"auto, (max-width: 461px) 100vw, 461px\" \/><\/figure>\n\n\n\n<figure class=\"wp-block-image size-large\"><img loading=\"lazy\" decoding=\"async\" width=\"1024\" height=\"539\" data-id=\"130\" src=\"https:\/\/www.laleude.fr\/wp-content\/uploads\/2025\/12\/chambres_79384_28_42-1024x539.jpg\" alt=\"\" class=\"wp-image-130\" srcset=\"https:\/\/www.laleude.fr\/wp-content\/uploads\/2025\/12\/chambres_79384_28_42-1024x539.jpg 1024w, https:\/\/www.laleude.fr\/wp-content\/uploads\/2025\/12\/chambres_79384_28_42-300x158.jpg 300w, https:\/\/www.laleude.fr\/wp-content\/uploads\/2025\/12\/chambres_79384_28_42-768x404.jpg 768w, https:\/\/www.laleude.fr\/wp-content\/uploads\/2025\/12\/chambres_79384_28_42-1536x808.jpg 1536w, https:\/\/www.laleude.fr\/wp-content\/uploads\/2025\/12\/chambres_79384_28_42.jpg 1920w\" sizes=\"auto, (max-width: 1024px) 100vw, 1024px\" \/><\/figure>\n\n\n\n<figure class=\"wp-block-image size-large\"><img loading=\"lazy\" decoding=\"async\" width=\"1024\" height=\"402\" data-id=\"131\" src=\"https:\/\/www.laleude.fr\/wp-content\/uploads\/2025\/12\/minervoise_79384_1567_1927-1024x402.jpg\" alt=\"\" class=\"wp-image-131\" srcset=\"https:\/\/www.laleude.fr\/wp-content\/uploads\/2025\/12\/minervoise_79384_1567_1927-1024x402.jpg 1024w, https:\/\/www.laleude.fr\/wp-content\/uploads\/2025\/12\/minervoise_79384_1567_1927-300x118.jpg 300w, https:\/\/www.laleude.fr\/wp-content\/uploads\/2025\/12\/minervoise_79384_1567_1927-768x302.jpg 768w, https:\/\/www.laleude.fr\/wp-content\/uploads\/2025\/12\/minervoise_79384_1567_1927-1536x603.jpg 1536w, https:\/\/www.laleude.fr\/wp-content\/uploads\/2025\/12\/minervoise_79384_1567_1927.jpg 1920w\" sizes=\"auto, (max-width: 1024px) 100vw, 1024px\" \/><\/figure>\n\n\n\n<figure class=\"wp-block-image size-large\"><img loading=\"lazy\" decoding=\"async\" width=\"1024\" height=\"461\" data-id=\"129\" src=\"https:\/\/www.laleude.fr\/wp-content\/uploads\/2025\/12\/minervoise_79384_1071_1584-1-1024x461.jpg\" alt=\"\" class=\"wp-image-129\" srcset=\"https:\/\/www.laleude.fr\/wp-content\/uploads\/2025\/12\/minervoise_79384_1071_1584-1-1024x461.jpg 1024w, https:\/\/www.laleude.fr\/wp-content\/uploads\/2025\/12\/minervoise_79384_1071_1584-1-300x135.jpg 300w, https:\/\/www.laleude.fr\/wp-content\/uploads\/2025\/12\/minervoise_79384_1071_1584-1-768x346.jpg 768w, https:\/\/www.laleude.fr\/wp-content\/uploads\/2025\/12\/minervoise_79384_1071_1584-1-1536x691.jpg 1536w, https:\/\/www.laleude.fr\/wp-content\/uploads\/2025\/12\/minervoise_79384_1071_1584-1.jpg 1920w\" sizes=\"auto, (max-width: 1024px) 100vw, 1024px\" \/><\/figure>\n\n\n\n<figure class=\"wp-block-image size-large\"><img loading=\"lazy\" decoding=\"async\" width=\"1024\" height=\"461\" data-id=\"133\" src=\"https:\/\/www.laleude.fr\/wp-content\/uploads\/2025\/12\/minervoise_79384_1306_1110-1024x461.jpg\" alt=\"\" class=\"wp-image-133\" srcset=\"https:\/\/www.laleude.fr\/wp-content\/uploads\/2025\/12\/minervoise_79384_1306_1110-1024x461.jpg 1024w, https:\/\/www.laleude.fr\/wp-content\/uploads\/2025\/12\/minervoise_79384_1306_1110-300x135.jpg 300w, https:\/\/www.laleude.fr\/wp-content\/uploads\/2025\/12\/minervoise_79384_1306_1110-768x346.jpg 768w, https:\/\/www.laleude.fr\/wp-content\/uploads\/2025\/12\/minervoise_79384_1306_1110-1536x691.jpg 1536w, https:\/\/www.laleude.fr\/wp-content\/uploads\/2025\/12\/minervoise_79384_1306_1110.jpg 1920w\" sizes=\"auto, (max-width: 1024px) 100vw, 1024px\" \/><\/figure>\n\n\n\n<figure class=\"wp-block-image size-large\"><img loading=\"lazy\" decoding=\"async\" width=\"1024\" height=\"446\" data-id=\"135\" src=\"https:\/\/www.laleude.fr\/wp-content\/uploads\/2025\/12\/minervoise_79384_695_426-1024x446.jpg\" alt=\"\" class=\"wp-image-135\" srcset=\"https:\/\/www.laleude.fr\/wp-content\/uploads\/2025\/12\/minervoise_79384_695_426-1024x446.jpg 1024w, https:\/\/www.laleude.fr\/wp-content\/uploads\/2025\/12\/minervoise_79384_695_426-300x131.jpg 300w, https:\/\/www.laleude.fr\/wp-content\/uploads\/2025\/12\/minervoise_79384_695_426-768x335.jpg 768w, https:\/\/www.laleude.fr\/wp-content\/uploads\/2025\/12\/minervoise_79384_695_426-1536x670.jpg 1536w, https:\/\/www.laleude.fr\/wp-content\/uploads\/2025\/12\/minervoise_79384_695_426.jpg 1920w\" sizes=\"auto, (max-width: 1024px) 100vw, 1024px\" \/><\/figure>\n\n\n\n<figure class=\"wp-block-image size-large\"><img loading=\"lazy\" decoding=\"async\" width=\"1024\" height=\"461\" data-id=\"136\" src=\"https:\/\/www.laleude.fr\/wp-content\/uploads\/2025\/12\/corbieres_79384_240_398-1-1024x461.jpg\" alt=\"\" class=\"wp-image-136\" srcset=\"https:\/\/www.laleude.fr\/wp-content\/uploads\/2025\/12\/corbieres_79384_240_398-1-1024x461.jpg 1024w, https:\/\/www.laleude.fr\/wp-content\/uploads\/2025\/12\/corbieres_79384_240_398-1-300x135.jpg 300w, https:\/\/www.laleude.fr\/wp-content\/uploads\/2025\/12\/corbieres_79384_240_398-1-768x346.jpg 768w, https:\/\/www.laleude.fr\/wp-content\/uploads\/2025\/12\/corbieres_79384_240_398-1-1536x691.jpg 1536w, https:\/\/www.laleude.fr\/wp-content\/uploads\/2025\/12\/corbieres_79384_240_398-1.jpg 1920w\" sizes=\"auto, (max-width: 1024px) 100vw, 1024px\" \/><\/figure>\n\n\n\n<figure class=\"wp-block-image size-large\"><img loading=\"lazy\" decoding=\"async\" width=\"461\" height=\"1024\" data-id=\"127\" src=\"https:\/\/www.laleude.fr\/wp-content\/uploads\/2025\/12\/chambres_79384_615_86-461x1024.jpg\" alt=\"\" class=\"wp-image-127\" srcset=\"https:\/\/www.laleude.fr\/wp-content\/uploads\/2025\/12\/chambres_79384_615_86-461x1024.jpg 461w, https:\/\/www.laleude.fr\/wp-content\/uploads\/2025\/12\/chambres_79384_615_86-135x300.jpg 135w, https:\/\/www.laleude.fr\/wp-content\/uploads\/2025\/12\/chambres_79384_615_86.jpg 486w\" sizes=\"auto, (max-width: 461px) 100vw, 461px\" \/><\/figure>\n\n\n\n<figure class=\"wp-block-image size-large\"><img loading=\"lazy\" decoding=\"async\" width=\"461\" height=\"1024\" data-id=\"126\" src=\"https:\/\/www.laleude.fr\/wp-content\/uploads\/2025\/12\/chambres_79384_1109_1244-461x1024.jpg\" alt=\"\" class=\"wp-image-126\" srcset=\"https:\/\/www.laleude.fr\/wp-content\/uploads\/2025\/12\/chambres_79384_1109_1244-461x1024.jpg 461w, https:\/\/www.laleude.fr\/wp-content\/uploads\/2025\/12\/chambres_79384_1109_1244-135x300.jpg 135w, https:\/\/www.laleude.fr\/wp-content\/uploads\/2025\/12\/chambres_79384_1109_1244.jpg 486w\" sizes=\"auto, (max-width: 461px) 100vw, 461px\" \/><\/figure>\n\n\n\n<figure class=\"wp-block-image size-large\"><img loading=\"lazy\" decoding=\"async\" width=\"402\" height=\"1024\" data-id=\"125\" src=\"https:\/\/www.laleude.fr\/wp-content\/uploads\/2025\/12\/chambres_79384_511_1915-402x1024.jpg\" alt=\"\" class=\"wp-image-125\" srcset=\"https:\/\/www.laleude.fr\/wp-content\/uploads\/2025\/12\/chambres_79384_511_1915-402x1024.jpg 402w, https:\/\/www.laleude.fr\/wp-content\/uploads\/2025\/12\/chambres_79384_511_1915-118x300.jpg 118w, https:\/\/www.laleude.fr\/wp-content\/uploads\/2025\/12\/chambres_79384_511_1915.jpg 424w\" sizes=\"auto, (max-width: 402px) 100vw, 402px\" \/><\/figure>\n\n\n\n<figure class=\"wp-block-image size-large\"><img loading=\"lazy\" decoding=\"async\" width=\"1024\" height=\"431\" data-id=\"138\" src=\"https:\/\/www.laleude.fr\/wp-content\/uploads\/2025\/12\/corbieres_79384_1664_1961-1024x431.jpg\" alt=\"\" class=\"wp-image-138\" srcset=\"https:\/\/www.laleude.fr\/wp-content\/uploads\/2025\/12\/corbieres_79384_1664_1961-1024x431.jpg 1024w, https:\/\/www.laleude.fr\/wp-content\/uploads\/2025\/12\/corbieres_79384_1664_1961-300x126.jpg 300w, https:\/\/www.laleude.fr\/wp-content\/uploads\/2025\/12\/corbieres_79384_1664_1961-768x324.jpg 768w, https:\/\/www.laleude.fr\/wp-content\/uploads\/2025\/12\/corbieres_79384_1664_1961-1536x647.jpg 1536w, https:\/\/www.laleude.fr\/wp-content\/uploads\/2025\/12\/corbieres_79384_1664_1961.jpg 1920w\" sizes=\"auto, (max-width: 1024px) 100vw, 1024px\" \/><\/figure>\n<\/figure>\n\n\n\n<p class=\"has-text-align-center has-text-color has-link-color wp-elements-5aabc401ffb2747176558cc0b8d85901\" style=\"color:#4b5563\">Des chambres d\u2019h\u00f4tes chaleureuses et soign\u00e9es, pens\u00e9es pour le repos et la douceur de vivre, dans un cadre calme et accueillant.<\/p>\n<\/div><\/div>\n\n\n\n<div class=\"wp-block-uagb-container uagb-block-767d0ae2 alignfull uagb-is-root-container\"><div class=\"uagb-container-inner-blocks-wrap\">\n<div class=\"wp-block-uagb-advanced-heading uagb-block-08b7aa1f\"><h2 class=\"uagb-heading-text\">S\u00e9journer dans les chambres d&rsquo;h\u00f4te de La Leude, entre calme et art de vivre<\/h2><\/div>\n\n\n\n<p>Situ\u00e9es \u00e0 Capendu, \u00e0 deux pas de l\u2019axe Carcassonne \u2013 Narbonne, les chambres d\u2019h\u00f4tes de La Leude offrent une halte id\u00e9ale pour d\u00e9couvrir l\u2019Aude et le Pays Cathare en toute s\u00e9r\u00e9nit\u00e9.<\/p>\n\n\n\n<p>Pens\u00e9es pour le confort et le repos, elles accueillent voyageurs de passage, couples ou petites familles dans une atmosph\u00e8re chaleureuse et apaisante. Chaque chambre dispose de son espace nuit confortable et d\u2019une salle d\u2019eau, pour un s\u00e9jour en toute intimit\u00e9.<\/p>\n\n\n\n<p>Le matin, un petit-d\u00e9jeuner gourmand est servi pour bien commencer la journ\u00e9e avant de partir \u00e0 la d\u00e9couverte des environs : vignobles, ch\u00e2teaux cathares, randonn\u00e9es, march\u00e9s locaux ou balades culturelles rythment le s\u00e9jour.<\/p>\n\n\n\n<p>Au c\u0153ur du village, tous les commerces sont accessibles \u00e0 pied. Les espaces communs, le jardin et la terrasse invitent \u00e0 la d\u00e9tente et aux \u00e9changes, dans un esprit simple et convivial, fid\u00e8le \u00e0 l\u2019accueil de La Leude.<\/p>\n<\/div><\/div>\n\n\n\n<div class=\"wp-block-uagb-container uagb-block-c40a4fb6 alignfull uagb-is-root-container\"><div class=\"uagb-container-inner-blocks-wrap\">\n<div class=\"wp-block-uagb-advanced-heading uagb-block-525b10b2\"><h2 class=\"uagb-heading-text\">Envie de s\u00e9journer dans l&rsquo;une des chambres d&rsquo;h\u00f4tes de La Leude ?<\/h2><\/div>\n\n\n\n<p class=\"has-ast-global-color-4-color has-text-color has-link-color wp-elements-5eaac080fc00257dfbcd94ad96e43416\">V\u00e9rifiez les disponibilit\u00e9s en contactant Th\u00e9r\u00e8se pour organiser votre s\u00e9jour au c\u0153ur du Pays Cathare.<\/p>\n\n\n\n<div class=\"wp-block-buttons is-layout-flex wp-block-buttons-is-layout-flex\">\n<div class=\"wp-block-button\"><a class=\"wp-block-button__link has-text-color has-background has-link-color wp-element-button\" href=\"https:\/\/www.laleude.fr\/index.php\/contact\/\" style=\"color:#1f1f1f;background-color:#e8b04a\">Demander une disponibilit\u00e9<\/a><\/div>\n<\/div>\n<\/div><\/div>\n\n\n\n<p><\/p>\n","protected":false},"excerpt":{"rendered":"<p>Les chambres d&rsquo;h\u00f4tes de La Leude \u00e0 Capendu Entre Carcassonne et Narbonne, profitez de chambres d\u2019h\u00f4tes chaleureuses et confortables, id\u00e9ales [&hellip;]<\/p>\n","protected":false},"author":2,"featured_media":0,"parent":0,"menu_order":2,"comment_status":"closed","ping_status":"closed","template":"","meta":{"_uag_custom_page_level_css":"","site-sidebar-layout":"default","site-content-layout":"","ast-site-content-layout":"default","site-content-style":"default","site-sidebar-style":"default","ast-global-header-display":"","ast-banner-title-visibility":"disabled","ast-main-header-display":"","ast-hfb-above-header-display":"","ast-hfb-below-header-display":"","ast-hfb-mobile-header-display":"","site-post-title":"disabled","ast-breadcrumbs-content":"","ast-featured-img":"","footer-sml-layout":"","ast-disable-related-posts":"","theme-transparent-header-meta":"","adv-header-id-meta":"","stick-header-meta":"","header-above-stick-meta":"","header-main-stick-meta":"","header-below-stick-meta":"","astra-migrate-meta-layouts":"default","ast-page-background-enabled":"default","ast-page-background-meta":{"desktop":{"background-color":"var(--ast-global-color-5)","background-image":"","background-repeat":"repeat","background-position":"center center","background-size":"auto","background-attachment":"scroll","background-type":"","background-media":"","overlay-type":"","overlay-color":"","overlay-opacity":"","overlay-gradient":""},"tablet":{"background-color":"","background-image":"","background-repeat":"repeat","background-position":"center center","background-size":"auto","background-attachment":"scroll","background-type":"","background-media":"","overlay-type":"","overlay-color":"","overlay-opacity":"","overlay-gradient":""},"mobile":{"background-color":"","background-image":"","background-repeat":"repeat","background-position":"center center","background-size":"auto","background-attachment":"scroll","background-type":"","background-media":"","overlay-type":"","overlay-color":"","overlay-opacity":"","overlay-gradient":""}},"ast-content-background-meta":{"desktop":{"background-color":"var(--ast-global-color-4)","background-image":"","background-repeat":"repeat","background-position":"center center","background-size":"auto","background-attachment":"scroll","background-type":"","background-media":"","overlay-type":"","overlay-color":"","overlay-opacity":"","overlay-gradient":""},"tablet":{"background-color":"var(--ast-global-color-4)","background-image":"","background-repeat":"repeat","background-position":"center center","background-size":"auto","background-attachment":"scroll","background-type":"","background-media":"","overlay-type":"","overlay-color":"","overlay-opacity":"","overlay-gradient":""},"mobile":{"background-color":"var(--ast-global-color-4)","background-image":"","background-repeat":"repeat","background-position":"center center","background-size":"auto","background-attachment":"scroll","background-type":"","background-media":"","overlay-type":"","overlay-color":"","overlay-opacity":"","overlay-gradient":""}},"footnotes":""},"class_list":["post-113","page","type-page","status-publish","hentry"],"uagb_featured_image_src":{"full":false,"thumbnail":false,"medium":false,"medium_large":false,"large":false,"1536x1536":false,"2048x2048":false},"uagb_author_info":{"display_name":"Jean-S\u00e9bastien BOURDON","author_link":"https:\/\/www.laleude.fr\/index.php\/author\/bourdon\/"},"uagb_comment_info":0,"uagb_excerpt":"Les chambres d&rsquo;h\u00f4tes de La Leude \u00e0 Capendu Entre Carcassonne et Narbonne, profitez de chambres d\u2019h\u00f4tes chaleureuses et confortables, id\u00e9ales [&hellip;]","_links":{"self":[{"href":"https:\/\/www.laleude.fr\/index.php\/wp-json\/wp\/v2\/pages\/113","targetHints":{"allow":["GET"]}}],"collection":[{"href":"https:\/\/www.laleude.fr\/index.php\/wp-json\/wp\/v2\/pages"}],"about":[{"href":"https:\/\/www.laleude.fr\/index.php\/wp-json\/wp\/v2\/types\/page"}],"author":[{"embeddable":true,"href":"https:\/\/www.laleude.fr\/index.php\/wp-json\/wp\/v2\/users\/2"}],"replies":[{"embeddable":true,"href":"https:\/\/www.laleude.fr\/index.php\/wp-json\/wp\/v2\/comments?post=113"}],"version-history":[{"count":29,"href":"https:\/\/www.laleude.fr\/index.php\/wp-json\/wp\/v2\/pages\/113\/revisions"}],"predecessor-version":[{"id":287,"href":"https:\/\/www.laleude.fr\/index.php\/wp-json\/wp\/v2\/pages\/113\/revisions\/287"}],"wp:attachment":[{"href":"https:\/\/www.laleude.fr\/index.php\/wp-json\/wp\/v2\/media?parent=113"}],"curies":[{"name":"wp","href":"https:\/\/api.w.org\/{rel}","templated":true}]}}